 Determine q(-16).
5
Let y(p) = p**3 - 33*p**2 + 38*p + 71. Calculate y(32).
263
Let n(z) = z**3 - 13*z**2 - 164*z + 5. Determine n(21).
89
Let b(h) = 265*h - 2383. Calculate b(9).
2
Let o(p) = 2438*p - 253553. Calculate o(104).
-1
Let l(j) = j**2 - 104*j + 2361. Determine l(70).
-19
Let h(u) = 2*u**2 - 188*u + 158. Calculate h(96).
542
Let q(y) = y**2 - 32*y + 142. What is q(27)?
7
Let n(r) = 22*r**2 - 374*r + 72. Calculate n(17).
72
Let j(f) = -f**3 - 108*f**2 - 38*f + 7385. Determine j(-107).
2
Let d(n) = n**2 - 5*n - 211. Give d(0).
-211
Let x(z) = 13*z - 308. Determine x(10).
-178
Let l(m) = 16*m**3 - 31*m**2 - 4*m - 2. Calculate l(2).
-6
Let v(a) = -179*a - 31853. Give v(-178).
9
Let i(t) = -t**2 + 416*t + 2025. What is i(-5)?
-80
Let s(m) = -20*m**3 + 219*m**2 + 15*m - 44. Determine s(11).
0
Let x(v) = 2*v**2 + 30*v - 19. Give x(-15).
-19
Let o(s) = -2*s**3 + 8*s**2 - 21*s + 93. Calculate o(6).
-177
Let x(b) = 234*b + 2540. Give x(-11).
-34
Let i(l) = 515*l + 1. Calculate i(-1).
-514
Let s(h) = -h**2 + 62*h - 168. Give s(3).
9
Let t(v) = 35*v**3 - 200*v**2 - 60*v - 1. Give t(6).
-1
Let r(v) = -v**3 - 19*v**2 + 145*v + 10. Calculate r(6).
-20
Let h(k) = -334*k - 255. Calculate h(-1).
79
Let y(s) = -3*s - 148. What is y(13)?
-187
Let z(l) = -88*l**2 + 1676*l - 67. Determine z(19).
9
Let z(o) = 2*o**3 - 91*o**2 + 37*o + 355. Determine z(45).
-5
Let w(z) = -200*z + 9218. What is w(46)?
18
Let b(j) = 2*j**2 + 25*j - 1814. Give b(-37).
-1
Let q(n) = -10*n**2 - 171*n - 527. Calculate q(-13).
6
Let w(d) = d**3 - 11*d**2 - 320*d + 3273. Determine w(10).
-27
Let c(i) = -i**3 + 7*i - 29. What is c(6)?
-203
Let q(n) = -349*n - 782. What is q(-2)?
-84
Let u(k) = -126*k**2 - 1258*k - 5. What is u(-10)?
-25
Let f(q) = q**3 + 3*q**2 + 73. Determine f(-5).
23
Let o(y) = -y**2 - 35*y - 110. Give o(-3).
-14
Let c(d) = -2*d**2 + 5*d + 449. Give c(0).
449
Let c(q) = 12*q**3 + 6*q + 4. Calculate c(-1).
-14
Let v(d) = -17*d - 31. Calculate v(-4).
37
Let x(j) = 2*j**2 + 40*j - 3707. Give x(34).
-35
Let c(l) = 26*l - 158. Calculate c(20).
362
Let z(i) = 81*i - 1101. What is z(14)?
33
Let l(c) = 5*c**2 - 14*c - 8. Calculate l(5).
47
Let t(j) = 13*j - 155. What is t(12)?
1
Let a(j) = -6*j**3 + 4*j**2 + 30*j + 23. Give a(-4).
351
Let i(a) = 2*a**3 - 96*a**2 + 96*a - 46. Give i(47).
48
Let c(r) = 42*r - 835. Give c(20).
5
Let g(r) = -6*r + 508. What is g(68)?
100
Let k(x) = -x**3 + 2*x**2 - 3*x + 21. Calculate k(4).
-23
Let w(a) = a**2 - 6*a + 1. Give w(12).
73
Let z(x) = x**2 + 209*x - 1255. Give z(6).
35
Let t(p) = p**2 + 22*p + 7. Give t(-12).
-113
Let z(v) = -4*v**2 - 190*v + 2857. Calculate z(12).
1
Let f(n) = -24*n + 422. Determine f(9).
206
Let q(d) = 9*d**3 - 5*d**2 + 5*d + 4. Determine q(3).
217
Let t(f) = -10*f**2 + 23*f - 7. Determine t(9).
-610
Let i(q) = 8*q**2 + 227*q - 138. Give i(-29).
7
Let o(b) = 8*b**3 - 4*b**2 + 11*b - 9. Determine o(1).
6
Let t(n) = 2*n**2 - 14*n - 55. Determine t(-6).
101
Let f(z) = z**3 + 3*z**2 - 17*z - 12. Calculate f(-8).
-196
Let m(a) = -124*a**3 - 2*a**2 - 5*a + 7. Calculate m(1).
-124
Let i(b) = -218*b + 6977. Determine i(32).
1
Let c(q) = -6*q + 73. What is c(8)?
25
Let v(b) = -b**3 + 5*b**2 - 3*b - 1. What is v(3)?
8
Let k(q) = q**3 + 119*q**2 - 217*q + 3040. Calculate k(-121).
15
Let x(y) = -6*y**2 + 3055*y - 6597. Give x(507).
-6
Let o(k) = -3733*k + 22403. Determine o(6).
5
Let w(p) = -2*p**3 - 156*p**2 - 155*p - 85. Determine w(-77).
-8
Let v(u) = -15*u**2 - 568*u - 492. What is v(-37)?
-11
Let z(f) = f**3 - 16*f**2 - 13*f + 24. Give z(11).
-724
Let x(j) = -4*j**2 + 35*j + 450. Calculate x(-7).
9
Let i(h) = h**3 - 9*h**2 + 129*h - 411. Determine i(4).
25
Let u(l) = l**3 - 40*l**2 + 401*l - 121. What is u(18)?
-31
Let a(o) = 4*o**2 - 111*o + 539. Calculate a(5).
84
Let v(u) = -4*u**3 + 7*u**2 - 71*u + 137. Determine v(2).
-9
Let u(w) = w**3 - 211*w**2 + 436*w - 3791. Determine u(209).
-29
Let r(n) = 153*n - 36207. Determine r(237).
54
Let j(q) = 2*q**2 - 1444*q - 7269. Give j(-5).
1
Let z(a) = 3*a**3 - 80*a**2 - 95*a + 49. What is z(28)?
525
Let g(w) = -5*w**2 - 363*w - 6403. What is g(-30)?
-13
Let y(i) = -i**3 - 2*i**2 + i + 8. Calculate y(0).
8
Let s(i) = i**3 + 3*i**2 - 47*i - 137. Calculate s(-3).
4
Let d(u) = -1325*u - 23857. Calculate d(-18).
-7
Let q(y) = -y**2 - 171*y + 346. Determine q(2).
0
Let m(n) = -n**2 + 28*n - 4. Give m(25).
71
Let d(u) = -u**3 - 16*u**2 - 16*u - 32. Give d(-14).
-200
Let t(z) = -19*z**2 - 5*z + 3. Determine t(1).
-21
Let j(l) = -33*l + 5152. Calculate j(154).
70
Let k(x) = x**3 - 8*x**2 - 10*x + 25. Determine k(9).
16
Let q(y) = 2*y**2 + 201*y - 825. What is q(4)?
11
Let l(w) = 3*w**3 - 32*w**2 - 3*w - 69. Determine l(11).
19
Let n(w) = -w**3 + 20*w**2 - 73*w + 177. What is n(15)?
207
Let s(a) = -a**2 + 18*a + 215. Determine s(27).
-28
Let a(p) = -287*p + 18380. What is a(64)?
12
Let v(s) = s**2 + 10*s - 959. Determine v(-38).
105
Let c(s) = -436*s - 3424. Determine c(-8).
64
Let m(q) = -q**2 + 16*q - 94. What is m(9)?
-31
Let x(g) = 2*g**3 + 20*g**2 - 21*g - 22. What is x(-11)?
-33
Let z(w) = 102*w + 10702. Calculate z(-105).
-8
Let t(s) = -275*s + 987. Give t(4).
-113
Let i(f) = -18*f**3 + f**2 - 5*f - 22. Determine i(-2).
136
Let d(u) = -u**3 - 21*u**2 + 163*u + 28. Give d(-27).
1
Let z(p) = -2*p**2 + 47*p - 550. Determine z(12).
-274
Let d(z) = 28*z + 160. What is d(-7)?
-36
Let m(u) = 460*u**2 + 28*u + 26. Calculate m(-1).
458
Let p(z) = 5*z**2 - 23*z - 28. Determine p(-4).
144
Let q(h) = h**3 - h**2 + 656*h - 1320. Give q(2).
-4
Let h(c) = c**3 + 7*c**2 - 9*c - 130. What is h(4)?
10
Let w(i) = -840*i - 9223. Calculate w(-11).
17
Let n(p) = 156*p**2 - 1257*p + 57. Calculate n(8).
-15
Let y(v) = -15*v**3 + 80*v**2 - 23*v + 3. Determine y(5).
13
Let d(a) = 3*a**3 - 34*a**2 - 43*a + 49. Give d(12).
-179
Let p(x) = -x**2 - 11*x + 178. Determine p(-21).
-32
Let p(m) = -m**2 + 64*m + 905. What is p(76)?
-7
Let v(d) = 65*d + 1892. Calculate v(-29).
7
Let p(k) = -148*k - 18649. Give p(-126).
-1
Let a(v) = 2*v**3 - 6*v**2 + 2*v + 3. Determine a(-1).
-7
Let z(s) = -s**3 - 24*s**2 - 37*s + 142. Give z(-22).
-12
Let g(p) = 468*p + 10348. Calculate g(-22).
52
Let s(b) = 969*b + 20335. What is s(-21)?
-14
Let o(b) = -b**2 - 15*b - 34. Determine o(-13).
-8
Let a(i) = -3*i**2 - 55*i + 1509. Give a(-33).
57
Let b(w) = 58*w**3 - 2*w**2 + 26*w - 24. What is b(1)?
58
Let c(n) = -657*n - 1319. Determine c(-2).
-5
Let r(y) = -12*y - 15. Give r(15).
-195
Let w(h) = -2*h - 110. What is w(34)?
-178
Let p(x) = -x**3 - 10*x**2 + 33*x - 14. Calculate p(-11).
-256
Let f(i) = i**2 - 15*i - 76. What is f(19)?
0
Let i(f) = -f**3 + 3*f**2 - 163*f + 670. Give i(4).
2
Let k(i) = -i**2 + 56*i + 1649. Calculate k(78).
-67
Let h(q) = 3*q**2 + 142*q - 602. Calculate h(-51).
-41
Let g(x) = -7*x**2 + 246*x + 700. Give g(-3).
-101
Let d(z) = -2*z**3 - 423*z**2 - 604*z + 5456. Determine d(-210).
-4
Let q(s) = 841*s + 442360. Determine q(-526).
-6
Let i(n) = -2348*n - 9. Give i(0).
-9
Let b(t) = -21*t - 1198. What is b(-57)?
-1
Let g(d) = -d**2 + 37*d - 287. Calculate g(25).
13
Let p(r) = -287*r - 1033. Give p(-4).
115
Let a(w) = 4*w**2 + 84*w - 200. Determine a(-23).
-16
Let u(w) = -3*w**3 - 385*w**2 + 1450*w - 263. Give u(-132).
1
Let q(g) = -40*g - 1014. Determine q(-25).
-14
Let u(t) = 9748*t - 126731. What is u(13)?
-7
Let q(v) = 3*v**2 - 38*v + 111. Calculate q(5).
-4
Let u(c) = -3*c**3 - 26*c**2 + 73*c + 672. Determine u(-8).
-40
Let c(k) = -15*k - 110. Calculate c(-19).
175
Let z(c) = -133*c**2 - 8*c - 10. What is z(-1)?
-135
Let q(l) = -3*l + 126. Determine q(12).
90
Let c(t) = 292*t + 13430. What is c(-46)?
-2
Let n(l) = -343*l + 3442. What is n(10)?
12
Let y(m) = m**3 + 86*m**2 + 90*m + 272. What is y(-85)?
-153
Let q(i) = 12*i**3 + 300*i**2 + 5. What is q(-25)?
5
Let l(d) = d**2 - 31*d + 124. Calculate l(6).
-26
Let g(d) = -40*d - 3292. Determine g(-95).
508
Let g(y) = 2753*y + 35806. Calculate g(-13).
17
Let j(a) = -a**2 + 18*a + 53. Determine j(18).
53
Let p(a) = -19*a**2 + 153*a - 127. Determine p(1).
7
Let w(x) = 2*x**3 - 23*x**2 + 18*x - 423. Give w(12).
-63
Let b(m) = -61*m - 25. What is b(-1)?
36
Let n(z) = z**2 + 5*z - 54. Calculate n(8).
50
Let n(r) = -5*r**2 - 96*r - 629. Calculate n(-8).
-18